{"id":98,"date":"2016-08-03T14:29:25","date_gmt":"2016-08-03T14:29:25","guid":{"rendered":"http:\/\/dev.aberfeldy.com\/?page_id=98"},"modified":"2024-11-26T11:28:52","modified_gmt":"2024-11-26T11:28:52","slug":"tickets","status":"publish","type":"page","link":"https:\/\/www.benedictinedom.com\/fr\/fr\/flamboyant-palais\/tickets\/","title":{"rendered":"Tickets"},"content":{"rendered":"<p>This will be the tickets Index page.<\/p>\n<section class=\"sections\">\n\n\t\t\n\t\t\t\n\t\t\t<div class=\"section__content standard feature sign-up-newsletter-image\"><div class=\"col-md-6 column-1 section__item\"><div class=\"section__thumb\"><img decoding=\"async\" src=\"\"  class=\"feature_1_image image__top img-responsive\" \/><\/div><\/div><div class=\"col-md-6 column-2 section__item\"><div class=\"section__info\"><h2 class=\"section__title \"> Sign up to our newsletter<\/h2><\/div><div class=\"section__desc\"><p>Sign up to our newsletter for updates, limited edition releases and events at Dewar\u2019s Aberfeldy Distillery.<\/p>\n<\/div><div class=\"section__button--solo\"><a href=\"https:\/\/store.benedictinedom.com\/fr\/fr\/\" class=\"btn btn-primary\">Sign up<\/a><\/div><\/div><\/div>\n\t\t\n\n    <\/section><!-- \/.sections -->\n","protected":false},"excerpt":{"rendered":"<p>This will be the tickets Index page.<\/p>\n","protected":false},"author":38,"featured_media":0,"parent":0,"menu_order":0,"comment_status":"open","ping_status":"open","template":"tpl-checkout.php","meta":{"_acf_changed":false,"footnotes":""},"class_list":["post-98","page","type-page","status-publish","hentry"],"acf":[],"yoast_head":"<!-- This site is optimized with the Yoast SEO plugin v26.0 - https:\/\/yoast.com\/wordpress\/plugins\/seo\/ -->\n<title>Tickets - B\u00e9n\u00e9dictine<\/title>\n<meta name=\"description\" content=\"Tickets - B\u00e9n\u00e9dictine\" \/>\n<meta name=\"robots\" content=\"index, follow, max-snippet:-1, max-image-preview:large, max-video-preview:-1\" \/>\n<link rel=\"canonical\" href=\"https:\/\/www.benedictinedom.com\/fr\/fr\/flamboyant-palais\/tickets\/\" \/>\n<meta property=\"og:locale\" content=\"fr_FR\" \/>\n<meta property=\"og:type\" content=\"article\" \/>\n<meta property=\"og:title\" content=\"Tickets - B\u00e9n\u00e9dictine\" \/>\n<meta property=\"og:description\" content=\"Tickets - B\u00e9n\u00e9dictine\" \/>\n<meta property=\"og:url\" content=\"https:\/\/www.benedictinedom.com\/fr\/fr\/flamboyant-palais\/tickets\/\" \/>\n<meta property=\"og:site_name\" content=\"B\u00e9n\u00e9dictine\" \/>\n<meta property=\"article:modified_time\" content=\"2024-11-26T11:28:52+00:00\" \/>\n<meta name=\"twitter:card\" content=\"summary_large_image\" \/>\n<meta name=\"twitter:label1\" content=\"Dur\u00e9e de lecture estim\u00e9e\" \/>\n\t<meta name=\"twitter:data1\" content=\"1 minute\" \/>\n<script type=\"application\/ld+json\" class=\"yoast-schema-graph\">{\"@context\":\"https:\/\/schema.org\",\"@graph\":[{\"@type\":\"WebPage\",\"@id\":\"https:\/\/www.benedictinedom.com\/fr\/fr\/flamboyant-palais\/tickets\/\",\"url\":\"https:\/\/www.benedictinedom.com\/fr\/fr\/flamboyant-palais\/tickets\/\",\"name\":\"Tickets - B\u00e9n\u00e9dictine\",\"isPartOf\":{\"@id\":\"https:\/\/www.benedictinedom.com\/fr\/fr\/flamboyant-palais\/#website\"},\"datePublished\":\"2016-08-03T14:29:25+00:00\",\"dateModified\":\"2024-11-26T11:28:52+00:00\",\"description\":\"Tickets - B\u00e9n\u00e9dictine\",\"breadcrumb\":{\"@id\":\"https:\/\/www.benedictinedom.com\/fr\/fr\/flamboyant-palais\/tickets\/#breadcrumb\"},\"inLanguage\":\"fr-FR\",\"potentialAction\":[{\"@type\":\"ReadAction\",\"target\":[\"https:\/\/www.benedictinedom.com\/fr\/fr\/flamboyant-palais\/tickets\/\"]}]},{\"@type\":\"BreadcrumbList\",\"@id\":\"https:\/\/www.benedictinedom.com\/fr\/fr\/flamboyant-palais\/tickets\/#breadcrumb\",\"itemListElement\":[{\"@type\":\"ListItem\",\"position\":1,\"name\":\"Home\",\"item\":\"https:\/\/www.benedictinedom.com\/fr\/fr\/flamboyant-palais\/\"},{\"@type\":\"ListItem\",\"position\":2,\"name\":\"Tickets\"}]},{\"@type\":\"WebSite\",\"@id\":\"https:\/\/www.benedictinedom.com\/fr\/fr\/flamboyant-palais\/#website\",\"url\":\"https:\/\/www.benedictinedom.com\/fr\/fr\/flamboyant-palais\/\",\"name\":\"B\u00e9n\u00e9dictine\",\"description\":\"Palais flamboyant\",\"potentialAction\":[{\"@type\":\"SearchAction\",\"target\":{\"@type\":\"EntryPoint\",\"urlTemplate\":\"https:\/\/www.benedictinedom.com\/fr\/fr\/flamboyant-palais\/?s={search_term_string}\"},\"query-input\":{\"@type\":\"PropertyValueSpecification\",\"valueRequired\":true,\"valueName\":\"search_term_string\"}}],\"inLanguage\":\"fr-FR\"}]}<\/script>\n<!-- \/ Yoast SEO plugin. -->","yoast_head_json":{"title":"Tickets - B\u00e9n\u00e9dictine","description":"Tickets - B\u00e9n\u00e9dictine","robots":{"index":"index","follow":"follow","max-snippet":"max-snippet:-1","max-image-preview":"max-image-preview:large","max-video-preview":"max-video-preview:-1"},"canonical":"https:\/\/www.benedictinedom.com\/fr\/fr\/flamboyant-palais\/tickets\/","og_locale":"fr_FR","og_type":"article","og_title":"Tickets - B\u00e9n\u00e9dictine","og_description":"Tickets - B\u00e9n\u00e9dictine","og_url":"https:\/\/www.benedictinedom.com\/fr\/fr\/flamboyant-palais\/tickets\/","og_site_name":"B\u00e9n\u00e9dictine","article_modified_time":"2024-11-26T11:28:52+00:00","twitter_card":"summary_large_image","twitter_misc":{"Dur\u00e9e de lecture estim\u00e9e":"1 minute"},"schema":{"@context":"https:\/\/schema.org","@graph":[{"@type":"WebPage","@id":"https:\/\/www.benedictinedom.com\/fr\/fr\/flamboyant-palais\/tickets\/","url":"https:\/\/www.benedictinedom.com\/fr\/fr\/flamboyant-palais\/tickets\/","name":"Tickets - B\u00e9n\u00e9dictine","isPartOf":{"@id":"https:\/\/www.benedictinedom.com\/fr\/fr\/flamboyant-palais\/#website"},"datePublished":"2016-08-03T14:29:25+00:00","dateModified":"2024-11-26T11:28:52+00:00","description":"Tickets - B\u00e9n\u00e9dictine","breadcrumb":{"@id":"https:\/\/www.benedictinedom.com\/fr\/fr\/flamboyant-palais\/tickets\/#breadcrumb"},"inLanguage":"fr-FR","potentialAction":[{"@type":"ReadAction","target":["https:\/\/www.benedictinedom.com\/fr\/fr\/flamboyant-palais\/tickets\/"]}]},{"@type":"BreadcrumbList","@id":"https:\/\/www.benedictinedom.com\/fr\/fr\/flamboyant-palais\/tickets\/#breadcrumb","itemListElement":[{"@type":"ListItem","position":1,"name":"Home","item":"https:\/\/www.benedictinedom.com\/fr\/fr\/flamboyant-palais\/"},{"@type":"ListItem","position":2,"name":"Tickets"}]},{"@type":"WebSite","@id":"https:\/\/www.benedictinedom.com\/fr\/fr\/flamboyant-palais\/#website","url":"https:\/\/www.benedictinedom.com\/fr\/fr\/flamboyant-palais\/","name":"B\u00e9n\u00e9dictine","description":"Palais flamboyant","potentialAction":[{"@type":"SearchAction","target":{"@type":"EntryPoint","urlTemplate":"https:\/\/www.benedictinedom.com\/fr\/fr\/flamboyant-palais\/?s={search_term_string}"},"query-input":{"@type":"PropertyValueSpecification","valueRequired":true,"valueName":"search_term_string"}}],"inLanguage":"fr-FR"}]}},"_links":{"self":[{"href":"https:\/\/www.benedictinedom.com\/fr\/fr\/flamboyant-palais\/wp-json\/wp\/v2\/pages\/98","targetHints":{"allow":["GET"]}}],"collection":[{"href":"https:\/\/www.benedictinedom.com\/fr\/fr\/flamboyant-palais\/wp-json\/wp\/v2\/pages"}],"about":[{"href":"https:\/\/www.benedictinedom.com\/fr\/fr\/flamboyant-palais\/wp-json\/wp\/v2\/types\/page"}],"author":[{"embeddable":true,"href":"https:\/\/www.benedictinedom.com\/fr\/fr\/flamboyant-palais\/wp-json\/wp\/v2\/users\/38"}],"replies":[{"embeddable":true,"href":"https:\/\/www.benedictinedom.com\/fr\/fr\/flamboyant-palais\/wp-json\/wp\/v2\/comments?post=98"}],"version-history":[{"count":0,"href":"https:\/\/www.benedictinedom.com\/fr\/fr\/flamboyant-palais\/wp-json\/wp\/v2\/pages\/98\/revisions"}],"wp:attachment":[{"href":"https:\/\/www.benedictinedom.com\/fr\/fr\/flamboyant-palais\/wp-json\/wp\/v2\/media?parent=98"}],"curies":[{"name":"wp","href":"https:\/\/api.w.org\/{rel}","templated":true}]}}