{"id":98,"date":"2016-08-03T14:29:25","date_gmt":"2016-08-03T14:29:25","guid":{"rendered":"https:\/\/www.benedictinedom.com\/flamboyant-palais\/?page_id=98"},"modified":"2024-01-02T13:10:14","modified_gmt":"2024-01-02T13:10:14","slug":"tickets","status":"publish","type":"page","link":"https:\/\/www.benedictinedom.com\/flamboyant-palais\/tickets\/","title":{"rendered":"Tickets"},"content":{"rendered":"<p>This will be the tickets Index page.<\/p>\n<section class=\"sections\">\n\n\t\t\n\t\t\t\n\t\t\t<div class=\"section__content standard feature sign-up-newsletter-image\"><div class=\"col-md-6 column-1 section__item\"><div class=\"section__thumb\"><img decoding=\"async\" src=\"\"  class=\"feature_1_image image__top img-responsive\" \/><\/div><\/div><div class=\"col-md-6 column-2 section__item\"><div class=\"section__info\"><h2 class=\"section__title \"> Sign up to our newsletter<\/h2><\/div><div class=\"section__desc\"><p>Sign up to our newsletter for updates, limited edition releases and events at Dewar\u2019s Aberfeldy Distillery.<\/p>\n<\/div><div class=\"section__button--solo\"><a href=\"https:\/\/store.benedictinedom.com\/\" class=\"btn btn-primary\">Sign up<\/a><\/div><\/div><\/div>\n\t\t\n\n    <\/section><!-- \/.sections -->\n","protected":false},"excerpt":{"rendered":"<p>This will be the tickets Index page.<\/p>\n","protected":false},"author":41,"featured_media":0,"parent":0,"menu_order":0,"comment_status":"open","ping_status":"open","template":"tpl-checkout.php","meta":{"_acf_changed":false,"footnotes":""},"class_list":["post-98","page","type-page","status-publish","hentry"],"acf":[],"yoast_head":"<!-- This site is optimized with the Yoast SEO plugin v26.0 - https:\/\/yoast.com\/wordpress\/plugins\/seo\/ -->\n<title>B\u00e9n\u00e9dictine Experiences | Buy Tour Tickets | B\u00e9n\u00e9dictine<\/title>\n<meta name=\"description\" content=\"Buy tickets for tours. Discover the Palais B\u00e9n\u00e9dictine through our cultural, sensorial or gastronomic B\u00e9n\u00e9dictine experiences.\" \/>\n<meta name=\"robots\" content=\"index, follow, max-snippet:-1, max-image-preview:large, max-video-preview:-1\" \/>\n<link rel=\"canonical\" href=\"https:\/\/www.benedictinedom.com\/flamboyant-palais\/tickets\/\" \/>\n<meta property=\"og:locale\" content=\"en_US\" \/>\n<meta property=\"og:type\" content=\"article\" \/>\n<meta property=\"og:title\" content=\"B\u00e9n\u00e9dictine Experiences | Buy Tour Tickets | B\u00e9n\u00e9dictine\" \/>\n<meta property=\"og:description\" content=\"Buy tickets for tours. Discover the Palais B\u00e9n\u00e9dictine through our cultural, sensorial or gastronomic B\u00e9n\u00e9dictine experiences.\" \/>\n<meta property=\"og:url\" content=\"https:\/\/www.benedictinedom.com\/flamboyant-palais\/tickets\/\" \/>\n<meta property=\"og:site_name\" content=\"B\u00e9n\u00e9dictine\" \/>\n<meta property=\"article:modified_time\" content=\"2024-01-02T13:10:14+00:00\" \/>\n<meta name=\"twitter:card\" content=\"summary_large_image\" \/>\n<meta name=\"twitter:label1\" content=\"Est. reading time\" \/>\n\t<meta name=\"twitter:data1\" content=\"1 minute\" \/>\n<script type=\"application\/ld+json\" class=\"yoast-schema-graph\">{\"@context\":\"https:\/\/schema.org\",\"@graph\":[{\"@type\":\"WebPage\",\"@id\":\"https:\/\/www.benedictinedom.com\/flamboyant-palais\/tickets\/\",\"url\":\"https:\/\/www.benedictinedom.com\/flamboyant-palais\/tickets\/\",\"name\":\"B\u00e9n\u00e9dictine Experiences | Buy Tour Tickets | B\u00e9n\u00e9dictine\",\"isPartOf\":{\"@id\":\"https:\/\/www.benedictinedom.com\/flamboyant-palais\/#website\"},\"datePublished\":\"2016-08-03T14:29:25+00:00\",\"dateModified\":\"2024-01-02T13:10:14+00:00\",\"description\":\"Buy tickets for tours. Discover the Palais B\u00e9n\u00e9dictine through our cultural, sensorial or gastronomic B\u00e9n\u00e9dictine experiences.\",\"breadcrumb\":{\"@id\":\"https:\/\/www.benedictinedom.com\/flamboyant-palais\/tickets\/#breadcrumb\"},\"inLanguage\":\"en-US\",\"potentialAction\":[{\"@type\":\"ReadAction\",\"target\":[\"https:\/\/www.benedictinedom.com\/flamboyant-palais\/tickets\/\"]}]},{\"@type\":\"BreadcrumbList\",\"@id\":\"https:\/\/www.benedictinedom.com\/flamboyant-palais\/tickets\/#breadcrumb\",\"itemListElement\":[{\"@type\":\"ListItem\",\"position\":1,\"name\":\"Home\",\"item\":\"https:\/\/www.benedictinedom.com\/flamboyant-palais\/\"},{\"@type\":\"ListItem\",\"position\":2,\"name\":\"Tickets\"}]},{\"@type\":\"WebSite\",\"@id\":\"https:\/\/www.benedictinedom.com\/flamboyant-palais\/#website\",\"url\":\"https:\/\/www.benedictinedom.com\/flamboyant-palais\/\",\"name\":\"B\u00e9n\u00e9dictine\",\"description\":\"Flamboyant Palais\",\"potentialAction\":[{\"@type\":\"SearchAction\",\"target\":{\"@type\":\"EntryPoint\",\"urlTemplate\":\"https:\/\/www.benedictinedom.com\/flamboyant-palais\/?s={search_term_string}\"},\"query-input\":{\"@type\":\"PropertyValueSpecification\",\"valueRequired\":true,\"valueName\":\"search_term_string\"}}],\"inLanguage\":\"en-US\"}]}<\/script>\n<!-- \/ Yoast SEO plugin. -->","yoast_head_json":{"title":"B\u00e9n\u00e9dictine Experiences | Buy Tour Tickets | B\u00e9n\u00e9dictine","description":"Buy tickets for tours. Discover the Palais B\u00e9n\u00e9dictine through our cultural, sensorial or gastronomic B\u00e9n\u00e9dictine experiences.","robots":{"index":"index","follow":"follow","max-snippet":"max-snippet:-1","max-image-preview":"max-image-preview:large","max-video-preview":"max-video-preview:-1"},"canonical":"https:\/\/www.benedictinedom.com\/flamboyant-palais\/tickets\/","og_locale":"en_US","og_type":"article","og_title":"B\u00e9n\u00e9dictine Experiences | Buy Tour Tickets | B\u00e9n\u00e9dictine","og_description":"Buy tickets for tours. Discover the Palais B\u00e9n\u00e9dictine through our cultural, sensorial or gastronomic B\u00e9n\u00e9dictine experiences.","og_url":"https:\/\/www.benedictinedom.com\/flamboyant-palais\/tickets\/","og_site_name":"B\u00e9n\u00e9dictine","article_modified_time":"2024-01-02T13:10:14+00:00","twitter_card":"summary_large_image","twitter_misc":{"Est. reading time":"1 minute"},"schema":{"@context":"https:\/\/schema.org","@graph":[{"@type":"WebPage","@id":"https:\/\/www.benedictinedom.com\/flamboyant-palais\/tickets\/","url":"https:\/\/www.benedictinedom.com\/flamboyant-palais\/tickets\/","name":"B\u00e9n\u00e9dictine Experiences | Buy Tour Tickets | B\u00e9n\u00e9dictine","isPartOf":{"@id":"https:\/\/www.benedictinedom.com\/flamboyant-palais\/#website"},"datePublished":"2016-08-03T14:29:25+00:00","dateModified":"2024-01-02T13:10:14+00:00","description":"Buy tickets for tours. Discover the Palais B\u00e9n\u00e9dictine through our cultural, sensorial or gastronomic B\u00e9n\u00e9dictine experiences.","breadcrumb":{"@id":"https:\/\/www.benedictinedom.com\/flamboyant-palais\/tickets\/#breadcrumb"},"inLanguage":"en-US","potentialAction":[{"@type":"ReadAction","target":["https:\/\/www.benedictinedom.com\/flamboyant-palais\/tickets\/"]}]},{"@type":"BreadcrumbList","@id":"https:\/\/www.benedictinedom.com\/flamboyant-palais\/tickets\/#breadcrumb","itemListElement":[{"@type":"ListItem","position":1,"name":"Home","item":"https:\/\/www.benedictinedom.com\/flamboyant-palais\/"},{"@type":"ListItem","position":2,"name":"Tickets"}]},{"@type":"WebSite","@id":"https:\/\/www.benedictinedom.com\/flamboyant-palais\/#website","url":"https:\/\/www.benedictinedom.com\/flamboyant-palais\/","name":"B\u00e9n\u00e9dictine","description":"Flamboyant Palais","potentialAction":[{"@type":"SearchAction","target":{"@type":"EntryPoint","urlTemplate":"https:\/\/www.benedictinedom.com\/flamboyant-palais\/?s={search_term_string}"},"query-input":{"@type":"PropertyValueSpecification","valueRequired":true,"valueName":"search_term_string"}}],"inLanguage":"en-US"}]}},"_links":{"self":[{"href":"https:\/\/www.benedictinedom.com\/flamboyant-palais\/wp-json\/wp\/v2\/pages\/98","targetHints":{"allow":["GET"]}}],"collection":[{"href":"https:\/\/www.benedictinedom.com\/flamboyant-palais\/wp-json\/wp\/v2\/pages"}],"about":[{"href":"https:\/\/www.benedictinedom.com\/flamboyant-palais\/wp-json\/wp\/v2\/types\/page"}],"author":[{"embeddable":true,"href":"https:\/\/www.benedictinedom.com\/flamboyant-palais\/wp-json\/wp\/v2\/users\/41"}],"replies":[{"embeddable":true,"href":"https:\/\/www.benedictinedom.com\/flamboyant-palais\/wp-json\/wp\/v2\/comments?post=98"}],"version-history":[{"count":0,"href":"https:\/\/www.benedictinedom.com\/flamboyant-palais\/wp-json\/wp\/v2\/pages\/98\/revisions"}],"wp:attachment":[{"href":"https:\/\/www.benedictinedom.com\/flamboyant-palais\/wp-json\/wp\/v2\/media?parent=98"}],"curies":[{"name":"wp","href":"https:\/\/api.w.org\/{rel}","templated":true}]}}