{"id":849,"date":"2023-02-07T12:07:38","date_gmt":"2023-02-07T12:07:38","guid":{"rendered":"https:\/\/www-benedictinedom-com-staging.bacardistaging.com\/flamboyant-palais\/?page_id=849"},"modified":"2024-01-24T22:33:00","modified_gmt":"2024-01-24T22:33:00","slug":"giftcards","status":"publish","type":"page","link":"https:\/\/www.benedictinedom.com\/flamboyant-palais\/giftcards\/","title":{"rendered":"Gift Cards"},"content":{"rendered":"<p><span style=\"font-weight: 400;\">The story goes that one fine day in 1863 Alexandre Le Grand, a wine trader from F\u00e9camp, quite by chance discovered the composition of this elixir lost during the Revolution in his library. Intrigued, he decided to decipher the recipe and after a year\u2019s effort succeeded in reconstituting it. The elixir thus became a liqueur that he called B\u00e9n\u00e9dictine in tribute to the Benedictine monk, Dom Bernardo Vincelli. He had the sumptuous Palais B\u00e9n\u00e9dictine built to provide a prestigious setting for the distillery of the liqueur (which is still in operation today) and for his collection of works of art.<\/span><\/p>\n","protected":false},"excerpt":{"rendered":"<p>The story goes that one fine day in 1863 Alexandre Le Grand, a wine trader from F\u00e9camp, quite by chance discovered the composition of this elixir lost during the Revolution in his library. Intrigued, he decided to decipher the recipe and after a year\u2019s effort succeeded in reconstituting it. The elixir thus became a liqueur [&hellip;]<\/p>\n","protected":false},"author":41,"featured_media":0,"parent":0,"menu_order":0,"comment_status":"closed","ping_status":"closed","template":"tpl-giftcards.php","meta":{"_acf_changed":false,"footnotes":""},"class_list":["post-849","page","type-page","status-publish","hentry"],"acf":[],"yoast_head":"<!-- This site is optimized with the Yoast SEO plugin v26.0 - https:\/\/yoast.com\/wordpress\/plugins\/seo\/ -->\n<title>Gift Cards - B\u00e9n\u00e9dictine<\/title>\n<meta name=\"description\" content=\"Gift Cards - B\u00e9n\u00e9dictine\" \/>\n<meta name=\"robots\" content=\"index, follow, max-snippet:-1, max-image-preview:large, max-video-preview:-1\" \/>\n<link rel=\"canonical\" href=\"https:\/\/www.benedictinedom.com\/flamboyant-palais\/giftcards\/\" \/>\n<meta property=\"og:locale\" content=\"en_US\" \/>\n<meta property=\"og:type\" content=\"article\" \/>\n<meta property=\"og:title\" content=\"Gift Cards - B\u00e9n\u00e9dictine\" \/>\n<meta property=\"og:description\" content=\"Gift Cards - B\u00e9n\u00e9dictine\" \/>\n<meta property=\"og:url\" content=\"https:\/\/www.benedictinedom.com\/flamboyant-palais\/giftcards\/\" \/>\n<meta property=\"og:site_name\" content=\"B\u00e9n\u00e9dictine\" \/>\n<meta property=\"article:modified_time\" content=\"2024-01-24T22:33:00+00:00\" \/>\n<meta name=\"twitter:card\" content=\"summary_large_image\" \/>\n<meta name=\"twitter:label1\" content=\"Est. reading time\" \/>\n\t<meta name=\"twitter:data1\" content=\"1 minute\" \/>\n<script type=\"application\/ld+json\" class=\"yoast-schema-graph\">{\"@context\":\"https:\/\/schema.org\",\"@graph\":[{\"@type\":\"WebPage\",\"@id\":\"https:\/\/www.benedictinedom.com\/flamboyant-palais\/giftcards\/\",\"url\":\"https:\/\/www.benedictinedom.com\/flamboyant-palais\/giftcards\/\",\"name\":\"Gift Cards - B\u00e9n\u00e9dictine\",\"isPartOf\":{\"@id\":\"https:\/\/www.benedictinedom.com\/flamboyant-palais\/#website\"},\"datePublished\":\"2023-02-07T12:07:38+00:00\",\"dateModified\":\"2024-01-24T22:33:00+00:00\",\"description\":\"Gift Cards - B\u00e9n\u00e9dictine\",\"breadcrumb\":{\"@id\":\"https:\/\/www.benedictinedom.com\/flamboyant-palais\/giftcards\/#breadcrumb\"},\"inLanguage\":\"en-US\",\"potentialAction\":[{\"@type\":\"ReadAction\",\"target\":[\"https:\/\/www.benedictinedom.com\/flamboyant-palais\/giftcards\/\"]}]},{\"@type\":\"BreadcrumbList\",\"@id\":\"https:\/\/www.benedictinedom.com\/flamboyant-palais\/giftcards\/#breadcrumb\",\"itemListElement\":[{\"@type\":\"ListItem\",\"position\":1,\"name\":\"Home\",\"item\":\"https:\/\/www.benedictinedom.com\/flamboyant-palais\/\"},{\"@type\":\"ListItem\",\"position\":2,\"name\":\"Gift Cards\"}]},{\"@type\":\"WebSite\",\"@id\":\"https:\/\/www.benedictinedom.com\/flamboyant-palais\/#website\",\"url\":\"https:\/\/www.benedictinedom.com\/flamboyant-palais\/\",\"name\":\"B\u00e9n\u00e9dictine\",\"description\":\"Flamboyant Palais\",\"potentialAction\":[{\"@type\":\"SearchAction\",\"target\":{\"@type\":\"EntryPoint\",\"urlTemplate\":\"https:\/\/www.benedictinedom.com\/flamboyant-palais\/?s={search_term_string}\"},\"query-input\":{\"@type\":\"PropertyValueSpecification\",\"valueRequired\":true,\"valueName\":\"search_term_string\"}}],\"inLanguage\":\"en-US\"}]}<\/script>\n<!-- \/ Yoast SEO plugin. -->","yoast_head_json":{"title":"Gift Cards - B\u00e9n\u00e9dictine","description":"Gift Cards - B\u00e9n\u00e9dictine","robots":{"index":"index","follow":"follow","max-snippet":"max-snippet:-1","max-image-preview":"max-image-preview:large","max-video-preview":"max-video-preview:-1"},"canonical":"https:\/\/www.benedictinedom.com\/flamboyant-palais\/giftcards\/","og_locale":"en_US","og_type":"article","og_title":"Gift Cards - B\u00e9n\u00e9dictine","og_description":"Gift Cards - B\u00e9n\u00e9dictine","og_url":"https:\/\/www.benedictinedom.com\/flamboyant-palais\/giftcards\/","og_site_name":"B\u00e9n\u00e9dictine","article_modified_time":"2024-01-24T22:33:00+00:00","twitter_card":"summary_large_image","twitter_misc":{"Est. reading time":"1 minute"},"schema":{"@context":"https:\/\/schema.org","@graph":[{"@type":"WebPage","@id":"https:\/\/www.benedictinedom.com\/flamboyant-palais\/giftcards\/","url":"https:\/\/www.benedictinedom.com\/flamboyant-palais\/giftcards\/","name":"Gift Cards - B\u00e9n\u00e9dictine","isPartOf":{"@id":"https:\/\/www.benedictinedom.com\/flamboyant-palais\/#website"},"datePublished":"2023-02-07T12:07:38+00:00","dateModified":"2024-01-24T22:33:00+00:00","description":"Gift Cards - B\u00e9n\u00e9dictine","breadcrumb":{"@id":"https:\/\/www.benedictinedom.com\/flamboyant-palais\/giftcards\/#breadcrumb"},"inLanguage":"en-US","potentialAction":[{"@type":"ReadAction","target":["https:\/\/www.benedictinedom.com\/flamboyant-palais\/giftcards\/"]}]},{"@type":"BreadcrumbList","@id":"https:\/\/www.benedictinedom.com\/flamboyant-palais\/giftcards\/#breadcrumb","itemListElement":[{"@type":"ListItem","position":1,"name":"Home","item":"https:\/\/www.benedictinedom.com\/flamboyant-palais\/"},{"@type":"ListItem","position":2,"name":"Gift Cards"}]},{"@type":"WebSite","@id":"https:\/\/www.benedictinedom.com\/flamboyant-palais\/#website","url":"https:\/\/www.benedictinedom.com\/flamboyant-palais\/","name":"B\u00e9n\u00e9dictine","description":"Flamboyant Palais","potentialAction":[{"@type":"SearchAction","target":{"@type":"EntryPoint","urlTemplate":"https:\/\/www.benedictinedom.com\/flamboyant-palais\/?s={search_term_string}"},"query-input":{"@type":"PropertyValueSpecification","valueRequired":true,"valueName":"search_term_string"}}],"inLanguage":"en-US"}]}},"_links":{"self":[{"href":"https:\/\/www.benedictinedom.com\/flamboyant-palais\/wp-json\/wp\/v2\/pages\/849","targetHints":{"allow":["GET"]}}],"collection":[{"href":"https:\/\/www.benedictinedom.com\/flamboyant-palais\/wp-json\/wp\/v2\/pages"}],"about":[{"href":"https:\/\/www.benedictinedom.com\/flamboyant-palais\/wp-json\/wp\/v2\/types\/page"}],"author":[{"embeddable":true,"href":"https:\/\/www.benedictinedom.com\/flamboyant-palais\/wp-json\/wp\/v2\/users\/41"}],"replies":[{"embeddable":true,"href":"https:\/\/www.benedictinedom.com\/flamboyant-palais\/wp-json\/wp\/v2\/comments?post=849"}],"version-history":[{"count":0,"href":"https:\/\/www.benedictinedom.com\/flamboyant-palais\/wp-json\/wp\/v2\/pages\/849\/revisions"}],"wp:attachment":[{"href":"https:\/\/www.benedictinedom.com\/flamboyant-palais\/wp-json\/wp\/v2\/media?parent=849"}],"curies":[{"name":"wp","href":"https:\/\/api.w.org\/{rel}","templated":true}]}}